{"id":1645,"date":"2021-03-26T12:01:19","date_gmt":"2021-03-26T11:01:19","guid":{"rendered":"http:\/\/haulet.be\/gen\/?page_id=1645"},"modified":"2023-10-11T17:11:21","modified_gmt":"2023-10-11T15:11:21","slug":"nouveau-sur-le-site","status":"publish","type":"page","link":"https:\/\/haulet.be\/gen\/nouveau-sur-le-site\/","title":{"rendered":"Nouveau sur le site"},"content":{"rendered":"\n<figure class=\"wp-block-table alignfull is-style-regular\"><table><thead><tr><th class=\"has-text-align-left\" data-align=\"left\">DATE<\/th><th class=\"has-text-align-left\" data-align=\"left\">SUJET<\/th><th class=\"has-text-align-left\" data-align=\"left\">CATEGORIE<\/th><\/tr><\/thead><tbody><tr><td class=\"has-text-align-left\" data-align=\"left\">11 octobre 2023<\/td><td class=\"has-text-align-left\" data-align=\"left\"><a href=\"https:\/\/haulet.be\/gen\/2023\/10\/10\/afflux-de-nouvelles-entrees-dans-la-genealogie\/\" data-type=\"link\" data-id=\"https:\/\/haulet.be\/gen\/2023\/10\/10\/afflux-de-nouvelles-entrees-dans-la-genealogie\/\">Afflux important de nouvelles entr\u00e9es dans la g\u00e9n\u00e9alogie !<\/a><\/td><td class=\"has-text-align-left\" data-align=\"left\">Arbre g\u00e9n\u00e9alogique<\/td><\/tr><tr><td class=\"has-text-align-left\" data-align=\"left\">29 mai 2023<\/td><td class=\"has-text-align-left\" data-align=\"left\"><a href=\"https:\/\/haulet.be\/gen\/blegny-mine-20-mai-2023-les-photos\/\" data-type=\"URL\" data-id=\"https:\/\/haulet.be\/gen\/blegny-mine-20-mai-2023-les-photos\/\">R\u00e9union du 20 mai 2023 \u00e0 Blegny-Mine, les photos<\/a><\/td><td class=\"has-text-align-left\" data-align=\"left\">Haulet<\/td><\/tr><tr><td class=\"has-text-align-left\" data-align=\"left\">01 mai 2023<\/td><td class=\"has-text-align-left\" data-align=\"left\"><a href=\"https:\/\/haulet.be\/gen\/2023\/05\/01\/naissance-de-alyssa\/\" target=\"_blank\" rel=\"noreferrer noopener\">Naissance de Alyssa Stas de Richelle-Haulet<\/a><\/td><td class=\"has-text-align-left\" data-align=\"left\">James Haulet<\/td><\/tr><tr><td class=\"has-text-align-left\" data-align=\"left\">25 mars 2023<\/td><td class=\"has-text-align-left\" data-align=\"left\"><a href=\"https:\/\/haulet.be\/gen\/reunion-de-la-famille-haulet-magis\/\" target=\"_blank\" rel=\"noreferrer noopener\">R\u00e9union de la famille Haulet-Magis le 20 mai 2023<\/a><\/td><td class=\"has-text-align-left\" data-align=\"left\">Haulet<\/td><\/tr><tr><td class=\"has-text-align-left\" data-align=\"left\">02 mars 2023<\/td><td class=\"has-text-align-left\" data-align=\"left\"><a href=\"https:\/\/haulet.be\/gen\/2023\/03\/02\/naissance-de-jade-dubois\/\" target=\"_blank\" rel=\"noreferrer noopener\">Naissance de Jade Dubois<\/a><\/td><td class=\"has-text-align-left\" data-align=\"left\">Maurice Haulet<\/td><\/tr><tr><td class=\"has-text-align-left\" data-align=\"left\">25 janvier 2023<\/td><td class=\"has-text-align-left\" data-align=\"left\"><a href=\"https:\/\/haulet.be\/gen\/james-photographie-le-retour-du-roi-leopold-iii\/\" target=\"_blank\" rel=\"noreferrer noopener\">James Haulet a photographi\u00e9 le retour du Roi L\u00e9opold III !<\/a><\/td><td class=\"has-text-align-left\" data-align=\"left\">James Haulet<\/td><\/tr><tr><td class=\"has-text-align-left\" data-align=\"left\">24 janvier 2023<\/td><td class=\"has-text-align-left\" data-align=\"left\"><a href=\"https:\/\/haulet.be\/gen\/haulet-be-2-ans\/\" target=\"_blank\" rel=\"noreferrer noopener\">haulet.be &#8211; 2 ans !<\/a><\/td><td class=\"has-text-align-left\" data-align=\"left\"><\/td><\/tr><tr><td class=\"has-text-align-left\" data-align=\"left\">15 janvier 2023<\/td><td class=\"has-text-align-left\" data-align=\"left\"><a href=\"https:\/\/haulet.be\/gen\/2023\/01\/15\/preparation-de-la-reunion-du-20-mai\/\" target=\"_blank\" rel=\"noreferrer noopener\">Pr\u00e9paration de la r\u00e9union du 20 mai<\/a><\/td><td class=\"has-text-align-left\" data-align=\"left\">Haulet<\/td><\/tr><tr><td class=\"has-text-align-left\" data-align=\"left\">31 d\u00e9cembre 2022<\/td><td class=\"has-text-align-left\" data-align=\"left\"><a href=\"https:\/\/haulet.be\/gen\/2022\/12\/31\/voeux-2023\/\" target=\"_blank\" rel=\"noreferrer noopener\">Voeux 2023<\/a><\/td><td class=\"has-text-align-left\" data-align=\"left\">Haulet<\/td><\/tr><tr><td class=\"has-text-align-left\" data-align=\"left\">07 d\u00e9cembre 2022<\/td><td class=\"has-text-align-left\" data-align=\"left\"><a href=\"https:\/\/haulet.be\/gen\/2022\/12\/07\/leon-sexprime-dans-un-clip-video\/\" target=\"_blank\" rel=\"noreferrer noopener\">Inou\u00ef ! L\u00e9on-F\u00e9lix s&rsquo;exprime dans un clip vid\u00e9o !<\/a><\/td><td class=\"has-text-align-left\" data-align=\"left\">Haulet<\/td><\/tr><tr><td class=\"has-text-align-left\" data-align=\"left\">15 novembre 2022<\/td><td class=\"has-text-align-left\" data-align=\"left\"><a href=\"https:\/\/haulet.be\/gen\/2022\/10\/15\/noces-dor-de-jean-pierre-et-suzel\/\" target=\"_blank\" rel=\"noreferrer noopener\">Noces d&rsquo;or de Jean-Pierre et Suzel Delr\u00e9e<\/a><\/td><td class=\"has-text-align-left\" data-align=\"left\">Suzanne Haulet<\/td><\/tr><tr><td class=\"has-text-align-left\" data-align=\"left\">15 septembre 2022<\/td><td class=\"has-text-align-left\" data-align=\"left\"><a href=\"https:\/\/haulet.be\/gen\/2022\/09\/15\/naissance-de-ella-haulet-zyra\/\" target=\"_blank\" rel=\"noreferrer noopener\">Naissance de Ella Haulet-Zyra<\/a><\/td><td class=\"has-text-align-left\" data-align=\"left\">Maurice Haulet<\/td><\/tr><tr><td class=\"has-text-align-left\" data-align=\"left\">02 ao\u00fbt 2022<\/td><td class=\"has-text-align-left\" data-align=\"left\"><a href=\"https:\/\/haulet.be\/gen\/2022\/08\/02\/deces-de-dominique-pichault\/\" target=\"_blank\" rel=\"noreferrer noopener\">D\u00e9c\u00e8s de Dominique Pichault-Haulet<\/a><\/td><td class=\"has-text-align-left\" data-align=\"left\">Maurice Haulet<\/td><\/tr><tr><td class=\"has-text-align-left\" data-align=\"left\">06 juillet 2022<\/td><td class=\"has-text-align-left\" data-align=\"left\"><a rel=\"noreferrer noopener\" href=\"https:\/\/haulet.be\/gen\/2022\/07\/06\/naissance-de-juliette\/\" target=\"_blank\">Naissance de Juliette Haulet<\/a><\/td><td class=\"has-text-align-left\" data-align=\"left\"><\/td><\/tr><tr><td class=\"has-text-align-left\" data-align=\"left\">21 mai 2022<\/td><td class=\"has-text-align-left\" data-align=\"left\"><a href=\"https:\/\/haulet.be\/gen\/2022\/05\/21\/annonce-de-la-reunion-familiale-2023\/\" target=\"_blank\" rel=\"noreferrer noopener\">Annonce de la r\u00e9union Haulet du 20 mai 2023<\/a><\/td><td class=\"has-text-align-left\" data-align=\"left\"><\/td><\/tr><tr><td class=\"has-text-align-left\" data-align=\"left\">01 mai 2022<\/td><td class=\"has-text-align-left\" data-align=\"left\"><a href=\"https:\/\/haulet.be\/gen\/la-villa-haulet-et-le-patrimoine-foncier-de-la-famille-haulet-a-vise-en-1914\/\" target=\"_blank\" rel=\"noreferrer noopener\">La villa Haulet \u00e0 Vis\u00e9<\/a><\/td><td class=\"has-text-align-left\" data-align=\"left\">Haulet<\/td><\/tr><tr><td class=\"has-text-align-left\" data-align=\"left\">01 mai 2022<\/td><td class=\"has-text-align-left\" data-align=\"left\"><a href=\"https:\/\/haulet.be\/gen\/2022\/05\/01\/visites-aux-archives-militaires\/\" target=\"_blank\" rel=\"noreferrer noopener\">Visite aux archives militaires \u00e0 Bxl<\/a><\/td><td class=\"has-text-align-left\" data-align=\"left\">Haulet<\/td><\/tr><tr><td class=\"has-text-align-left\" data-align=\"left\">30 avril 2022<\/td><td class=\"has-text-align-left\" data-align=\"left\"><a href=\"https:\/\/haulet.be\/gen\/charles-haulet-carriere-militaire\/\" target=\"_blank\" rel=\"noreferrer noopener\">La carri\u00e8re militaire de l&rsquo;abb\u00e9 Charles Haulet<\/a><\/td><td class=\"has-text-align-left\" data-align=\"left\">Charles Haulet<\/td><\/tr><tr><td class=\"has-text-align-left\" data-align=\"left\">13 janvier 2022<\/td><td class=\"has-text-align-left\" data-align=\"left\"><a href=\"https:\/\/haulet.be\/gen\/2022\/01\/13\/deces-de-marie-claire-de-lamotte\/\" target=\"_blank\" rel=\"noreferrer noopener\">D\u00e9c\u00e8s de Marie-Claire de Lamotte<\/a><\/td><td class=\"has-text-align-left\" data-align=\"left\">Marie Haulet<\/td><\/tr><tr><td class=\"has-text-align-left\" data-align=\"left\">02 janvier 2022<\/td><td class=\"has-text-align-left\" data-align=\"left\"><a href=\"https:\/\/haulet.be\/gen\/2022\/01\/02\/voeux-2022\/\" target=\"_blank\" rel=\"noreferrer noopener\">Voeux 2022<\/a><\/td><td class=\"has-text-align-left\" data-align=\"left\"><\/td><\/tr><tr><td class=\"has-text-align-left\" data-align=\"left\">22 novembre 2021<\/td><td class=\"has-text-align-left\" data-align=\"left\"><a href=\"https:\/\/haulet.be\/gen\/villegiature-a-clervaux\/\" target=\"_blank\" rel=\"noreferrer noopener\">Vill\u00e9giature \u00e0 Clervaux<\/a><\/td><td class=\"has-text-align-left\" data-align=\"left\">Haulet<\/td><\/tr><tr><td class=\"has-text-align-left\" data-align=\"left\">18 novembre 2021<\/td><td class=\"has-text-align-left\" data-align=\"left\"><a href=\"https:\/\/haulet.be\/gen\/2021\/11\/18\/reunion-des-descendants-de-maurice-haulet-et-maria-lambert-le-17-octobre-2021\/\" target=\"_blank\" rel=\"noreferrer noopener\">R\u00e9union de la famille Maurice Haulet<\/a><\/td><td class=\"has-text-align-left\" data-align=\"left\">Maurice Haulet<\/td><\/tr><tr><td class=\"has-text-align-left\" data-align=\"left\">29 octobre 2021<\/td><td class=\"has-text-align-left\" data-align=\"left\"><a href=\"https:\/\/haulet.be\/gen\/le-blason-haulet\/\" target=\"_blank\" rel=\"noreferrer noopener\">Le blason Haulet<\/a><\/td><td class=\"has-text-align-left\" data-align=\"left\">Haulet<\/td><\/tr><tr><td class=\"has-text-align-left\" data-align=\"left\">16 ao\u00fbt 2021<\/td><td class=\"has-text-align-left\" data-align=\"left\"><a href=\"https:\/\/haulet.be\/gen\/cdv-les-photographies-carte-de-visite-liegeoises\/\" data-type=\"URL\" data-id=\"https:\/\/haulet.be\/gen\/cdv-les-photographies-carte-de-visite-liegeoises\/\" target=\"_blank\" rel=\"noreferrer noopener\">Les photographies \u00ab\u00a0Cartes De Visite\u00a0\u00bb li\u00e8geoises<\/a><\/td><td class=\"has-text-align-left\" data-align=\"left\"><\/td><\/tr><tr><td class=\"has-text-align-left\" data-align=\"left\">14 ao\u00fbt 2021<\/td><td class=\"has-text-align-left\" data-align=\"left\"><a href=\"https:\/\/haulet.be\/gen\/2021\/08\/14\/deces-de-michel-bruyere\/\" target=\"_blank\" rel=\"noreferrer noopener\">D\u00e9c\u00e8s de Michel Bruy\u00e8re<\/a><\/td><td class=\"has-text-align-left\" data-align=\"left\">Marie Haulet &#8211; de Lamotte<\/td><\/tr><tr><td class=\"has-text-align-left\" data-align=\"left\">01 ao\u00fbt 2021<\/td><td class=\"has-text-align-left\" data-align=\"left\"><a href=\"https:\/\/haulet.be\/gen\/2021\/08\/01\/naissance-de-lison\/\" target=\"_blank\" rel=\"noreferrer noopener\">Naissance de Lison Delr\u00e9e<\/a><\/td><td class=\"has-text-align-left\" data-align=\"left\">Suzanne Delr\u00e9e<\/td><\/tr><tr><td class=\"has-text-align-left\" data-align=\"left\">20 juillet 2021<\/td><td class=\"has-text-align-left\" data-align=\"left\"><a href=\"https:\/\/haulet.be\/gen\/2021\/07\/20\/deuil-national\/\" target=\"_blank\" rel=\"noreferrer noopener\">Deuil national<\/a><\/td><td class=\"has-text-align-left\" data-align=\"left\"><\/td><\/tr><tr><td class=\"has-text-align-left\" data-align=\"left\">7 juillet 2021<\/td><td class=\"has-text-align-left\" data-align=\"left\"><a href=\"https:\/\/haulet.be\/gen\/2021\/07\/07\/une-retraite-bien-meritee-merci-dr-haulet\/\" target=\"_blank\" rel=\"noreferrer noopener\">Une retraite bien m\u00e9rit\u00e9e ! Merci Docteur Haulet !<\/a><\/td><td class=\"has-text-align-left\" data-align=\"left\">Sur le pavois<\/td><\/tr><tr><td class=\"has-text-align-left\" data-align=\"left\">03 juin 2021<\/td><td class=\"has-text-align-left\" data-align=\"left\"><a href=\"https:\/\/haulet.be\/gen\/exil-en-angleterre\" data-type=\"URL\" data-id=\"https:\/\/haulet.be\/gen\/exil-en-angleterre\">Glasgow &#8211; Lancaster, 4 ans chez les Britons<\/a><\/td><td class=\"has-text-align-left\" data-align=\"left\"><a href=\"https:\/\/haulet.be\/gen\/category\/leon-felix-haulet\/\" data-type=\"URL\" data-id=\"https:\/\/haulet.be\/gen\/category\/leon-felix-haulet\/\">L\u00e9on F\u00e9lix Haulet<\/a><\/td><\/tr><tr><td class=\"has-text-align-left\" data-align=\"left\">21 mai 2021<\/td><td class=\"has-text-align-left\" data-align=\"left\"><a href=\"https:\/\/haulet.be\/gen\/laffaire-du-calice\/\" data-type=\"URL\" data-id=\"https:\/\/haulet.be\/gen\/laffaire-du-calice\/\" target=\"_blank\" rel=\"noreferrer noopener\">L&rsquo;affaire du calice<\/a><\/td><td class=\"has-text-align-left\" data-align=\"left\"><a href=\"https:\/\/haulet.be\/gen\/category\/de-creeft\/\" data-type=\"URL\" data-id=\"https:\/\/haulet.be\/gen\/category\/de-creeft\/\">de Creeft<\/a><\/td><\/tr><tr><td class=\"has-text-align-left\" data-align=\"left\">10 mai 2021<\/td><td class=\"has-text-align-left\" data-align=\"left\"><a href=\"https:\/\/haulet.be\/gen\/pre-arbre\/\">Mise \u00e0 jour de l&rsquo;arbre g\u00e9n\u00e9alogique<\/a><\/td><td class=\"has-text-align-left\" data-align=\"left\"><\/td><\/tr><tr><td class=\"has-text-align-left\" data-align=\"left\">08 mai 2021<\/td><td class=\"has-text-align-left\" data-align=\"left\"><a href=\"https:\/\/haulet.be\/gen\/2021\/05\/02\/fete-des-meres-chez-les-laurenty-que-le-pestacle-commence\/\" data-type=\"URL\" data-id=\"https:\/\/haulet.be\/gen\/2021\/05\/02\/fete-des-meres-chez-les-laurenty-que-le-pestacle-commence\/\">F\u00eate des m\u00e8res chez les Laurenty &#8211; Que le \u00ab\u00a0pestacle\u00a0\u00bb commence !<\/a><\/td><td class=\"has-text-align-left\" data-align=\"left\"><a href=\"https:\/\/haulet.be\/gen\/category\/alice-haulet-laurenty\/\">Alice Haulet- Laurenty (Tensette)<\/a><\/td><\/tr><tr><td class=\"has-text-align-left\" data-align=\"left\">03 mai 2021<\/td><td class=\"has-text-align-left\" data-align=\"left\"><a href=\"https:\/\/haulet.be\/gen\/charles-haulet-a-dachau\/\" data-type=\"URL\" data-id=\"https:\/\/haulet.be\/gen\/charles-haulet-a-dachau\/\">l&rsquo;Abb\u00e9 Charles Haulet \u00e0 Dachau<\/a><\/td><td class=\"has-text-align-left\" data-align=\"left\"><a href=\"https:\/\/haulet.be\/gen\/category\/charles-haulet\/\" data-type=\"URL\" data-id=\"https:\/\/haulet.be\/gen\/category\/charles-haulet\/\">Charles Haulet<\/a><\/td><\/tr><tr><td class=\"has-text-align-left\" data-align=\"left\">24 avril 2021<\/td><td class=\"has-text-align-left\" data-align=\"left\"><a href=\"https:\/\/haulet.be\/gen\/2021\/04\/24\/charles-haulet-la-ou-je-vis\/\" data-type=\"URL\" data-id=\"https:\/\/haulet.be\/gen\/2021\/04\/24\/charles-haulet-la-ou-je-vis\/\">Charles Haulet &#8211; L\u00e0 o\u00f9 je vis<\/a><\/td><td class=\"has-text-align-left\" data-align=\"left\"><a href=\"https:\/\/haulet.be\/gen\/category\/la-ou-je-vis\/\">L\u00e0 o\u00f9 je vis<\/a> \/ <a href=\"https:\/\/haulet.be\/gen\/category\/maurice-haulet\/\" data-type=\"URL\" data-id=\"https:\/\/haulet.be\/gen\/category\/maurice-haulet\/\">Maurice Haulet<\/a><\/td><\/tr><tr><td class=\"has-text-align-left\" data-align=\"left\">08 avril 2021<\/td><td class=\"has-text-align-left\" data-align=\"left\"><a href=\"https:\/\/haulet.be\/gen\/2021\/04\/08\/spectaculaire-avancee\/\" data-type=\"URL\" data-id=\"https:\/\/haulet.be\/gen\/2021\/04\/08\/spectaculaire-avancee\/\">Spectaculaire avanc\u00e9e<\/a><\/td><td class=\"has-text-align-left\" data-align=\"left\"><a href=\"https:\/\/haulet.be\/gen\/category\/haulet\/\" data-type=\"URL\" data-id=\"https:\/\/haulet.be\/gen\/category\/haulet\/\">Haulet<\/a><\/td><\/tr><tr><td class=\"has-text-align-left\" data-align=\"left\">31 mars 2021<\/td><td class=\"has-text-align-left\" data-align=\"left\"><a href=\"https:\/\/haulet.be\/gen\/2021\/03\/31\/revival-studio-irma-magis\/\">Revival Studio \u2013 Irma Magis<\/a><\/td><td class=\"has-text-align-left\" data-align=\"left\"><a href=\"https:\/\/haulet.be\/gen\/category\/magis\/\">Magis<\/a><\/td><\/tr><tr><td class=\"has-text-align-left\" data-align=\"left\">26 mars 2021<\/td><td class=\"has-text-align-left\" data-align=\"left\"><a href=\"https:\/\/haulet.be\/gen\/sitemap\/\">Plan<\/a> et <a href=\"https:\/\/haulet.be\/gen\/nouveau-sur-le-site\/\">Nouveau sur le site<\/a><\/td><td class=\"has-text-align-left\" data-align=\"left\"><\/td><\/tr><tr><td class=\"has-text-align-left\" data-align=\"left\">22 mars 2021<\/td><td class=\"has-text-align-left\" data-align=\"left\"><a href=\"https:\/\/haulet.be\/gen\/2021\/03\/22\/genealogie-de-cyrille-magis\/\">G\u00e9n\u00e9alogie de Cyrille Magis<\/a><\/td><td class=\"has-text-align-left\" data-align=\"left\"><a href=\"https:\/\/haulet.be\/gen\/category\/magis\/\">Magis<\/a><\/td><\/tr><tr><td class=\"has-text-align-left\" data-align=\"left\">20 mars 2021<\/td><td class=\"has-text-align-left\" data-align=\"left\"><a href=\"https:\/\/haulet.be\/gen\/2021\/03\/20\/photo-de-la-famille-de-lamotte\/\">Photo quiz de la famille de Lamotte<\/a><\/td><td class=\"has-text-align-left\" data-align=\"left\"><a href=\"https:\/\/haulet.be\/gen\/category\/cest-qui\/\">C&rsquo;est qui ?<\/a> \/  <a href=\"https:\/\/haulet.be\/gen\/category\/marie-haulet-de-lamotte\/\">Marie Haulet-de Lamotte<\/a><\/td><\/tr><tr><td class=\"has-text-align-left\" data-align=\"left\">18 mars 2021<\/td><td class=\"has-text-align-left\" data-align=\"left\"><a href=\"https:\/\/haulet.be\/gen\/2021\/03\/18\/naissance-de-theo\/\">Naissance de Th\u00e9o<\/a><\/td><td class=\"has-text-align-left\" data-align=\"left\"><a href=\"https:\/\/haulet.be\/gen\/bienvenue-dans-la-famille\/\">Naissances<\/a> \/ <a href=\"https:\/\/haulet.be\/gen\/category\/marie-haulet-de-lamotte\/\">Marie Haulet-de lamotte<\/a><\/td><\/tr><tr><td class=\"has-text-align-left\" data-align=\"left\">14 mars 2021<\/td><td class=\"has-text-align-left\" data-align=\"left\"><a href=\"https:\/\/haulet.be\/gen\/2021\/03\/14\/philippe-haulet-la-ou-je-vis\/\">Philippe Haulet &#8211; L\u00e0 o\u00f9 je vis<\/a><\/td><td class=\"has-text-align-left\" data-align=\"left\"><a href=\"https:\/\/haulet.be\/gen\/category\/la-ou-je-vis\/\">L\u00e0 o\u00f9 je vis<\/a> \/ <a href=\"https:\/\/haulet.be\/gen\/category\/albert-haulet\/\">Albert Haulet<\/a><\/td><\/tr><tr><td class=\"has-text-align-left\" data-align=\"left\">9 mars 2021<\/td><td class=\"has-text-align-left\" data-align=\"left\"><a href=\"https:\/\/haulet.be\/gen\/2021\/03\/09\/curiosites-hotel-de-la-crouzille\/\">Curiosit\u00e9s &#8211; H\u00f4tel de la Crouzille<\/a><\/td><td class=\"has-text-align-left\" data-align=\"left\"><a href=\"https:\/\/haulet.be\/gen\/category\/curiosites\/\">Curiosit\u00e9s<\/a><\/td><\/tr><tr><td class=\"has-text-align-left\" data-align=\"left\">27 f\u00e9vrier 2021<\/td><td class=\"has-text-align-left\" data-align=\"left\"><a href=\"https:\/\/haulet.be\/gen\/2021\/02\/27\/cest-la-recre\/\">C&rsquo;est la r\u00e9cr\u00e9<\/a><\/td><td class=\"has-text-align-left\" data-align=\"left\"><a href=\"https:\/\/haulet.be\/gen\/category\/puzzle\/\">Puzzle<\/a><\/td><\/tr><tr><td class=\"has-text-align-left\" data-align=\"left\">23 f\u00e9vrier 2021<\/td><td class=\"has-text-align-left\" data-align=\"left\"><a href=\"https:\/\/haulet.be\/gen\/2021\/02\/23\/merci\/\">Merci !<\/a><\/td><td class=\"has-text-align-left\" data-align=\"left\"><\/td><\/tr><tr><td class=\"has-text-align-left\" data-align=\"left\">22 f\u00e9vrier 2021<\/td><td class=\"has-text-align-left\" data-align=\"left\"><a href=\"https:\/\/haulet.be\/gen\/2021\/02\/22\/aout-1914-levacuation-de-vise\/\">Vis\u00e9 Ao\u00fbt 1914 &#8211; L&rsquo;exode<\/a><\/td><td class=\"has-text-align-left\" data-align=\"left\"><a href=\"https:\/\/haulet.be\/gen\/leon-haulet-levacuation-de-vise-en-1914\/\">Vis\u00e9<\/a>, <a href=\"https:\/\/haulet.be\/gen\/category\/leon-felix-haulet\/\" data-type=\"URL\" data-id=\"https:\/\/haulet.be\/gen\/category\/leon-felix-haulet\/\">L\u00e9on F\u00e9lix Haulet<\/a><\/td><\/tr><tr><td class=\"has-text-align-left\" data-align=\"left\">19 f\u00e9vrier 2021<\/td><td class=\"has-text-align-left\" data-align=\"left\"><a href=\"https:\/\/haulet.be\/gen\/2021\/02\/19\/albert-haulet-la-ou-je-vis\/\">Albert Haulet &#8211; L\u00e0 o\u00f9 je vis<\/a><\/td><td class=\"has-text-align-left\" data-align=\"left\"><a href=\"https:\/\/haulet.be\/gen\/category\/la-ou-je-vis\/\">L\u00e0 o\u00f9 je vis<\/a> \/ <a href=\"https:\/\/haulet.be\/gen\/category\/albert-haulet\/\">Albert Haulet<\/a><\/td><\/tr><tr><td class=\"has-text-align-left\" data-align=\"left\">13 f\u00e9vrier 2021<\/td><td class=\"has-text-align-left\" data-align=\"left\"><a href=\"https:\/\/haulet.be\/gen\/2021\/02\/13\/mariage-dalice-et-michel-29-juillet-1950\/\">Film du mariage d&rsquo;Alice et Michel Laurenty &#8211; 29 juillet 1950<\/a><\/td><td class=\"has-text-align-left\" data-align=\"left\"><a href=\"https:\/\/haulet.be\/gen\/category\/videos\/\">Vid\u00e9o<\/a> \/ <a href=\"https:\/\/haulet.be\/gen\/category\/alice-haulet-laurenty\/\">Alice Haulet- Laurenty (Tensette)<\/a><\/td><\/tr><tr><td class=\"has-text-align-left\" data-align=\"left\">2 f\u00e9vrier 2021<\/td><td class=\"has-text-align-left\" data-align=\"left\"><a href=\"https:\/\/haulet.be\/gen\/2021\/02\/02\/christine-laurenty-la-ou-je-vis\/\">Christine Laurenty &#8211; L\u00e0 o\u00f9 je vis<\/a><\/td><td class=\"has-text-align-left\" data-align=\"left\"><a href=\"https:\/\/haulet.be\/gen\/category\/la-ou-je-vis\/\">L\u00e0 o\u00f9 je vis<\/a> \/ <a href=\"https:\/\/haulet.be\/gen\/category\/alice-haulet-laurenty\/\">Alice Haulet- Laurenty (Tensette)<\/a><\/td><\/tr><tr><td class=\"has-text-align-left\" data-align=\"left\">5 janvier 2021<\/td><td class=\"has-text-align-left\" data-align=\"left\"><a href=\"https:\/\/haulet.be\/gen\/2021\/01\/05\/deces-de-therese-laurenty-acezat\/\">D\u00e9c\u00e8s de Th\u00e9r\u00e8se Laurenty-Acezat<\/a><\/td><td class=\"has-text-align-left\" data-align=\"left\"><a href=\"https:\/\/haulet.be\/gen\/ils-nous-ont-quittes\/\">D\u00e9c\u00e8s<\/a> \/ <a href=\"https:\/\/haulet.be\/gen\/category\/alice-haulet-laurenty\/\">Alice Haulet- Laurenty (Tensette)<\/a><\/td><\/tr><tr><td class=\"has-text-align-left\" data-align=\"left\">2 janvier 2021<\/td><td class=\"has-text-align-left\" data-align=\"left\"><a href=\"https:\/\/haulet.be\/gen\/2021\/01\/02\/bonjour-tout-le-monde\/\">Bonjour tout le monde !<\/a><\/td><td class=\"has-text-align-left\" data-align=\"left\"><a href=\"https:\/\/haulet.be\/gen\/category\/cest-qui\/\">C&rsquo;est qui ?<\/a><\/td><\/tr><\/tbody><\/table><\/figure>\n\n\n\n<hr class=\"wp-block-separator has-css-opacity is-style-wide\"\/>\n","protected":false},"excerpt":{"rendered":"<p>DATE SUJET CATEGORIE 11 octobre 2023 Afflux important de nouvelles entr\u00e9es dans la g\u00e9n\u00e9alogie ! Arbre g\u00e9n\u00e9alogique 29 mai 2023 R\u00e9union du 20 mai 2023 \u00e0 Blegny-Mine, les photos Haulet 01 mai 2023 Naissance de Alyssa Stas de Richelle-Haulet James Haulet 25 mars 2023 R\u00e9union de la famille Haulet-Magis le 20 mai 2023 Haulet 02 [&hellip;]<\/p>\n","protected":false},"author":1,"featured_media":1680,"parent":0,"menu_order":0,"comment_status":"open","ping_status":"closed","template":"template-full-width.php","meta":{"_coblocks_attr":"","_coblocks_dimensions":"","_coblocks_responsive_height":"","_coblocks_accordion_ie_support":"","footnotes":""},"class_list":["post-1645","page","type-page","status-publish","has-post-thumbnail","hentry"],"_links":{"self":[{"href":"https:\/\/haulet.be\/gen\/wp-json\/wp\/v2\/pages\/1645","targetHints":{"allow":["GET"]}}],"collection":[{"href":"https:\/\/haulet.be\/gen\/wp-json\/wp\/v2\/pages"}],"about":[{"href":"https:\/\/haulet.be\/gen\/wp-json\/wp\/v2\/types\/page"}],"author":[{"embeddable":true,"href":"https:\/\/haulet.be\/gen\/wp-json\/wp\/v2\/users\/1"}],"replies":[{"embeddable":true,"href":"https:\/\/haulet.be\/gen\/wp-json\/wp\/v2\/comments?post=1645"}],"version-history":[{"count":0,"href":"https:\/\/haulet.be\/gen\/wp-json\/wp\/v2\/pages\/1645\/revisions"}],"wp:featuredmedia":[{"embeddable":true,"href":"https:\/\/haulet.be\/gen\/wp-json\/wp\/v2\/media\/1680"}],"wp:attachment":[{"href":"https:\/\/haulet.be\/gen\/wp-json\/wp\/v2\/media?parent=1645"}],"curies":[{"name":"wp","href":"https:\/\/api.w.org\/{rel}","templated":true}]}}