{"id":317,"date":"2021-02-02T11:36:04","date_gmt":"2021-02-02T10:36:04","guid":{"rendered":"http:\/\/haulet.be\/gen\/?page_id=317"},"modified":"2024-01-01T17:43:53","modified_gmt":"2024-01-01T16:43:53","slug":"galeries","status":"publish","type":"page","link":"https:\/\/haulet.be\/gen\/galeries\/","title":{"rendered":"Galeries"},"content":{"rendered":"\n<hr class=\"wp-block-separator has-css-opacity is-style-wide\"\/>\n\n\n\n<div class=\"su-note\"  style=\"border-color:#4ce5e4;border-radius:8px;-moz-border-radius:8px;-webkit-border-radius:8px;\"><div class=\"su-note-inner su-u-clearfix su-u-trim\" style=\"background-color:#66fffe;border-color:#ffffff;color:#333333;border-radius:8px;-moz-border-radius:8px;-webkit-border-radius:8px;\">Sur ces pages, vous pourrez visionner diverses photos concernant la famille. Belles d\u00e9couvertes !<\/div><\/div>\n\n\n\n<hr class=\"wp-block-separator has-css-opacity is-style-wide\"\/>\n\n\n\n<div style=\"height:25px\" aria-hidden=\"true\" class=\"wp-block-spacer\"><\/div>\n\n\n\n<h2 class=\"wp-block-heading\">Cerexhe-Heuseux &#8211; le 23 septembre 2007<\/h2>\n\n\n<div class=\"wp-block-image\">\n<figure class=\"aligncenter size-full coblocks-animate\" data-coblocks-animation=\"zoomIn\"><img loading=\"lazy\" decoding=\"async\" width=\"1200\" height=\"803\" src=\"https:\/\/haulet.be\/gen\/wp-content\/uploads\/2021\/02\/Tous-2007-DSC_7019-1200.jpg\" alt=\"\" class=\"wp-image-866\" srcset=\"https:\/\/haulet.be\/gen\/wp-content\/uploads\/2021\/02\/Tous-2007-DSC_7019-1200.jpg 1200w, https:\/\/haulet.be\/gen\/wp-content\/uploads\/2021\/02\/Tous-2007-DSC_7019-1200-300x201.jpg 300w, https:\/\/haulet.be\/gen\/wp-content\/uploads\/2021\/02\/Tous-2007-DSC_7019-1200-768x514.jpg 768w\" sizes=\"auto, (max-width: 1200px) 100vw, 1200px\" \/><\/figure>\n<\/div>\n\n\n<div style=\"height:25px\" aria-hidden=\"true\" class=\"wp-block-spacer\"><\/div>\n\n\n\n<p class=\"has-text-align-center\">Toutes les photos&#8230; Les groupes, les encadr\u00e9s&#8230;<\/p>\n\n\n\n<div class=\"wp-block-buttons is-content-justification-center is-layout-flex wp-container-core-buttons-is-layout-16018d1d wp-block-buttons-is-layout-flex\">\n<div class=\"wp-block-button\"><a class=\"wp-block-button__link wp-element-button\" href=\"https:\/\/haulet.be\/gen\/cerexhe-heuseux-2007\/\"><mark style=\"background-color:rgba(0, 0, 0, 0)\" class=\"has-inline-color has-pale-cyan-blue-color\">Voir les photos<\/mark><\/a><\/div>\n<\/div>\n\n\n\n<div style=\"height:15px\" aria-hidden=\"true\" class=\"wp-block-spacer\"><\/div>\n\n\n\n<hr class=\"wp-block-separator has-css-opacity is-style-wide\"\/>\n\n\n\n<div style=\"height:25px\" aria-hidden=\"true\" class=\"wp-block-spacer\"><\/div>\n\n\n\n<h2 class=\"wp-block-heading\">Blegny-Mine &#8211; le 20 mai 2023<\/h2>\n\n\n<div class=\"wp-block-image\">\n<figure class=\"aligncenter size-full coblocks-animate\" data-coblocks-animation=\"clipHorizontal\"><img loading=\"lazy\" decoding=\"async\" width=\"1772\" height=\"1182\" src=\"https:\/\/haulet.be\/gen\/wp-content\/uploads\/2023\/05\/DSC4387.jpg\" alt=\"\" class=\"wp-image-6400\" srcset=\"https:\/\/haulet.be\/gen\/wp-content\/uploads\/2023\/05\/DSC4387.jpg 1772w, https:\/\/haulet.be\/gen\/wp-content\/uploads\/2023\/05\/DSC4387-300x200.jpg 300w, https:\/\/haulet.be\/gen\/wp-content\/uploads\/2023\/05\/DSC4387-768x512.jpg 768w, https:\/\/haulet.be\/gen\/wp-content\/uploads\/2023\/05\/DSC4387-1536x1025.jpg 1536w\" sizes=\"auto, (max-width: 1772px) 100vw, 1772px\" \/><\/figure>\n<\/div>\n\n\n<div style=\"height:15px\" aria-hidden=\"true\" class=\"wp-block-spacer\"><\/div>\n\n\n\n<p class=\"has-text-align-center\">Le train touristique, la mine, l&rsquo;ap\u00e9ro, le repas, les groupes&#8230;<\/p>\n\n\n\n<div class=\"wp-block-buttons is-content-justification-center is-layout-flex wp-container-core-buttons-is-layout-16018d1d wp-block-buttons-is-layout-flex\">\n<div class=\"wp-block-button\"><a class=\"wp-block-button__link wp-element-button\" href=\"https:\/\/haulet.be\/gen\/blegny-mine-20-mai-2023-les-photos\/\"><mark style=\"background-color:rgba(0, 0, 0, 0)\" class=\"has-inline-color has-pale-cyan-blue-color\">Voir les photos<\/mark><\/a><\/div>\n<\/div>\n\n\n\n<div style=\"height:20px\" aria-hidden=\"true\" class=\"wp-block-spacer\"><\/div>\n\n\n\n<hr class=\"wp-block-separator has-alpha-channel-opacity is-style-wide\"\/>\n\n\n\n<div style=\"height:25px\" aria-hidden=\"true\" class=\"wp-block-spacer\"><\/div>\n\n\n\n<h2 class=\"wp-block-heading\">Les agrandissements expos\u00e9s le 20 mai 2023<\/h2>\n\n\n\n<figure class=\"wp-block-image size-full\"><img loading=\"lazy\" decoding=\"async\" width=\"2560\" height=\"1600\" src=\"https:\/\/haulet.be\/gen\/wp-content\/uploads\/2023\/05\/Encadrements-20-mai-2.jpg\" alt=\"\" class=\"wp-image-6908\" srcset=\"https:\/\/haulet.be\/gen\/wp-content\/uploads\/2023\/05\/Encadrements-20-mai-2.jpg 2560w, https:\/\/haulet.be\/gen\/wp-content\/uploads\/2023\/05\/Encadrements-20-mai-2-300x188.jpg 300w, https:\/\/haulet.be\/gen\/wp-content\/uploads\/2023\/05\/Encadrements-20-mai-2-1920x1200.jpg 1920w, https:\/\/haulet.be\/gen\/wp-content\/uploads\/2023\/05\/Encadrements-20-mai-2-768x480.jpg 768w, https:\/\/haulet.be\/gen\/wp-content\/uploads\/2023\/05\/Encadrements-20-mai-2-1536x960.jpg 1536w, https:\/\/haulet.be\/gen\/wp-content\/uploads\/2023\/05\/Encadrements-20-mai-2-2048x1280.jpg 2048w\" sizes=\"auto, (max-width: 2560px) 100vw, 2560px\" \/><\/figure>\n\n\n\n<div style=\"height:15px\" aria-hidden=\"true\" class=\"wp-block-spacer\"><\/div>\n\n\n\n<p>Les anciennes photos familiales agrandies et encadr\u00e9es ont \u00e9t\u00e9 propos\u00e9es \u00e0 la vente \u00e0 prix co\u00fbtant lors de la journ\u00e9e. Le restant sera confi\u00e9 \u00e0 Sa S\u00e9r\u00e9nit\u00e9 le Conservateur des documents familiaux : Charles.<\/p>\n\n\n\n<p>Les fichiers au format A4 sont consultables et t\u00e9l\u00e9chargeables pour impression sur une page d\u00e9di\u00e9e du site.<\/p>\n\n\n\n<div class=\"wp-block-buttons is-content-justification-center is-layout-flex wp-container-core-buttons-is-layout-16018d1d wp-block-buttons-is-layout-flex\">\n<div class=\"wp-block-button\"><a class=\"wp-block-button__link wp-element-button\" href=\"https:\/\/haulet.be\/gen\/les-photos-anciennes-exposees-le-20-mai-2023\/\" target=\"_blank\" rel=\"noreferrer noopener\"><mark style=\"background-color:rgba(0, 0, 0, 0)\" class=\"has-inline-color has-pale-cyan-blue-color\">Aller \u00e0 la page des agrandissements<\/mark><\/a><\/div>\n<\/div>\n","protected":false},"excerpt":{"rendered":"<p>Cerexhe-Heuseux &#8211; le 23 septembre 2007 Toutes les photos&#8230; Les groupes, les encadr\u00e9s&#8230; Blegny-Mine &#8211; le 20 mai 2023 Le train touristique, la mine, l&rsquo;ap\u00e9ro, le repas, les groupes&#8230; Les agrandissements expos\u00e9s le 20 mai 2023 Les anciennes photos familiales agrandies et encadr\u00e9es ont \u00e9t\u00e9 propos\u00e9es \u00e0 la vente \u00e0 prix co\u00fbtant lors de la [&hellip;]<\/p>\n","protected":false},"author":1,"featured_media":323,"parent":0,"menu_order":0,"comment_status":"open","ping_status":"closed","template":"template-full-width.php","meta":{"_coblocks_attr":"","_coblocks_dimensions":"","_coblocks_responsive_height":"","_coblocks_accordion_ie_support":"","footnotes":""},"class_list":["post-317","page","type-page","status-publish","has-post-thumbnail","hentry"],"_links":{"self":[{"href":"https:\/\/haulet.be\/gen\/wp-json\/wp\/v2\/pages\/317","targetHints":{"allow":["GET"]}}],"collection":[{"href":"https:\/\/haulet.be\/gen\/wp-json\/wp\/v2\/pages"}],"about":[{"href":"https:\/\/haulet.be\/gen\/wp-json\/wp\/v2\/types\/page"}],"author":[{"embeddable":true,"href":"https:\/\/haulet.be\/gen\/wp-json\/wp\/v2\/users\/1"}],"replies":[{"embeddable":true,"href":"https:\/\/haulet.be\/gen\/wp-json\/wp\/v2\/comments?post=317"}],"version-history":[{"count":0,"href":"https:\/\/haulet.be\/gen\/wp-json\/wp\/v2\/pages\/317\/revisions"}],"wp:featuredmedia":[{"embeddable":true,"href":"https:\/\/haulet.be\/gen\/wp-json\/wp\/v2\/media\/323"}],"wp:attachment":[{"href":"https:\/\/haulet.be\/gen\/wp-json\/wp\/v2\/media?parent=317"}],"curies":[{"name":"wp","href":"https:\/\/api.w.org\/{rel}","templated":true}]}}