{"id":3197,"date":"2021-08-15T18:42:49","date_gmt":"2021-08-15T16:42:49","guid":{"rendered":"https:\/\/haulet.be\/gen\/?page_id=3197"},"modified":"2021-08-21T14:32:56","modified_gmt":"2021-08-21T12:32:56","slug":"cdv-depireux","status":"publish","type":"page","link":"https:\/\/haulet.be\/gen\/cdv-depireux\/","title":{"rendered":"CDV &#8211; Depireux"},"content":{"rendered":"\n<h2 class=\"wp-block-heading\">Thomas DEPIREUX &#8211; 81, rue de la Cath\u00e9drale &#8211; Li\u00e8ge<\/h2>\n\n\n\n<hr class=\"wp-block-separator is-style-wide\"\/>\n\n\n\n<figure class=\"wp-block-table aligncenter\"><table class=\"has-subtle-pale-blue-background-color has-fixed-layout has-background\"><tbody><tr><td class=\"has-text-align-center\" data-align=\"center\"><img loading=\"lazy\" decoding=\"async\" width=\"400\" height=\"679\" class=\"wp-image-2971\" style=\"width: 400px;\" src=\"https:\/\/haulet.be\/gen\/wp-content\/uploads\/2021\/08\/CV-Depireux-recto.jpg\" alt=\"\" srcset=\"https:\/\/haulet.be\/gen\/wp-content\/uploads\/2021\/08\/CV-Depireux-recto.jpg 696w, https:\/\/haulet.be\/gen\/wp-content\/uploads\/2021\/08\/CV-Depireux-recto-177x300.jpg 177w\" sizes=\"auto, (max-width: 400px) 100vw, 400px\" \/><\/td><td class=\"has-text-align-center\" data-align=\"center\"><img loading=\"lazy\" decoding=\"async\" width=\"400\" height=\"680\" class=\"wp-image-2972\" style=\"width: 400px;\" src=\"https:\/\/haulet.be\/gen\/wp-content\/uploads\/2021\/08\/CV-Depireux-verso.jpg\" alt=\"\" srcset=\"https:\/\/haulet.be\/gen\/wp-content\/uploads\/2021\/08\/CV-Depireux-verso.jpg 695w, https:\/\/haulet.be\/gen\/wp-content\/uploads\/2021\/08\/CV-Depireux-verso-177x300.jpg 177w\" sizes=\"auto, (max-width: 400px) 100vw, 400px\" \/><\/td><\/tr><\/tbody><\/table><\/figure>\n\n\n\n<hr class=\"wp-block-separator is-style-wide\"\/>\n\n\n\n<figure class=\"wp-block-table\"><table class=\"has-fixed-layout\"><tbody><tr><td class=\"has-text-align-center\" data-align=\"center\"><a href=\"https:\/\/haulet.be\/gen\/cdv-delvaux\/\"><img loading=\"lazy\" decoding=\"async\" width=\"50\" height=\"50\" class=\"wp-image-3173\" style=\"width: 50px;\" src=\"https:\/\/haulet.be\/gen\/wp-content\/uploads\/2021\/08\/CVA-fleche-gauche-50.jpg\" alt=\"\"><\/a><br>DELVAUX &lt;-<\/td><td><\/td><td class=\"has-text-align-center\" data-align=\"center\"><a href=\"https:\/\/haulet.be\/gen\/cdv-les-photographies-carte-de-visite-liegeoises\/\"><img loading=\"lazy\" decoding=\"async\" width=\"50\" height=\"50\" class=\"wp-image-3174\" style=\"width: 50px;\" src=\"https:\/\/haulet.be\/gen\/wp-content\/uploads\/2021\/08\/CVA-maison-50.jpg\" alt=\"\"><\/a><br>SOMMAIRE<\/td><td><\/td><td class=\"has-text-align-center\" data-align=\"center\"><a href=\"https:\/\/haulet.be\/gen\/cdv-dupont\/\"><img loading=\"lazy\" decoding=\"async\" width=\"50\" height=\"50\" class=\"wp-image-3172\" style=\"width: 50px;\" src=\"https:\/\/haulet.be\/gen\/wp-content\/uploads\/2021\/08\/CVA-fleche-droite-2-50.jpg\" alt=\"\"><\/a><br>-&gt; DUPONT<\/td><\/tr><\/tbody><\/table><\/figure>\n\n\n\n<hr class=\"wp-block-separator is-style-wide\"\/>\n\n\n\n<h2 class=\"wp-block-heading\">En savoir plus&#8230;<\/h2>\n\n\n\n<p><strong>Thomas Depireux<\/strong> (1844-1889), origine de Beyne-Heusay, s&rsquo;installe en 1863 rue de la Cath\u00e9drale, 75 puis au 81.<br>En 1878, il reprend le studio <strong>Photographie Fran\u00e7aise<\/strong> situ\u00e9 15 place Verte (place Mar\u00e9chal Foch).<br>En 1885, Otto <strong>Taudien<\/strong> reprend l&rsquo;atelier sous l&rsquo;enseigne <strong>Photographie Populaire<\/strong><br><a href=\"https:\/\/fomu.atomis.be\/index.php\/depireux-thomas;isaar\" target=\"_blank\" rel=\"noreferrer noopener\">https:\/\/fomu.atomis.be\/index.php\/depireux-thomas;isaar<\/a><\/p>\n\n\n\n<hr class=\"wp-block-separator is-style-wide\"\/>\n\n\n\n<h2 class=\"wp-block-heading\">Sur la toile&#8230;<\/h2>\n\n\n\n<p><a href=\"https:\/\/www.bartko-reher-cpa.fr\/ak\/index.php?search=standard&amp;searchword=depireux&amp;id=48388\" target=\"_blank\" rel=\"noreferrer noopener\">https:\/\/www.bartko-reher-cpa.fr\/ak\/index.php?search=standard&amp;searchword=depireux&amp;id=48388<\/a><\/p>\n\n\n\n<hr class=\"wp-block-separator is-style-wide\"\/>\n","protected":false},"excerpt":{"rendered":"<p>Thomas DEPIREUX &#8211; 81, rue de la Cath\u00e9drale &#8211; Li\u00e8ge DELVAUX &lt;- SOMMAIRE -&gt; DUPONT En savoir plus&#8230; Thomas Depireux (1844-1889), origine de Beyne-Heusay, s&rsquo;installe en 1863 rue de la Cath\u00e9drale, 75 puis au 81.En 1878, il reprend le studio Photographie Fran\u00e7aise situ\u00e9 15 place Verte (place Mar\u00e9chal Foch).En 1885, Otto Taudien reprend l&rsquo;atelier sous [&hellip;]<\/p>\n","protected":false},"author":1,"featured_media":0,"parent":0,"menu_order":0,"comment_status":"closed","ping_status":"closed","template":"template-full-width.php","meta":{"_coblocks_attr":"","_coblocks_dimensions":"","_coblocks_responsive_height":"","_coblocks_accordion_ie_support":"","footnotes":""},"class_list":["post-3197","page","type-page","status-publish","hentry"],"_links":{"self":[{"href":"https:\/\/haulet.be\/gen\/wp-json\/wp\/v2\/pages\/3197","targetHints":{"allow":["GET"]}}],"collection":[{"href":"https:\/\/haulet.be\/gen\/wp-json\/wp\/v2\/pages"}],"about":[{"href":"https:\/\/haulet.be\/gen\/wp-json\/wp\/v2\/types\/page"}],"author":[{"embeddable":true,"href":"https:\/\/haulet.be\/gen\/wp-json\/wp\/v2\/users\/1"}],"replies":[{"embeddable":true,"href":"https:\/\/haulet.be\/gen\/wp-json\/wp\/v2\/comments?post=3197"}],"version-history":[{"count":0,"href":"https:\/\/haulet.be\/gen\/wp-json\/wp\/v2\/pages\/3197\/revisions"}],"wp:attachment":[{"href":"https:\/\/haulet.be\/gen\/wp-json\/wp\/v2\/media?parent=3197"}],"curies":[{"name":"wp","href":"https:\/\/api.w.org\/{rel}","templated":true}]}}

<h2 class="wp-block-heading">Thomas DEPIREUX &#8211; 81, rue de la Cathédrale &#8211; Liège</h2>



<hr class="wp-block-separator is-style-wide"/>



<figure class="wp-block-table aligncenter"><table class="has-subtle-pale-blue-background-color has-fixed-layout has-background"><tbody><tr><td class="has-text-align-center" data-align="center"><img loading="lazy" decoding="async" width="400" height="679" class="wp-image-2971" style="width: 400px;" src="https://haulet.be/gen/wp-content/uploads/2021/08/CV-Depireux-recto.jpg" alt="" srcset="https://haulet.be/gen/wp-content/uploads/2021/08/CV-Depireux-recto.jpg 696w, https://haulet.be/gen/wp-content/uploads/2021/08/CV-Depireux-recto-177x300.jpg 177w" sizes="auto, (max-width: 400px) 100vw, 400px" /></td><td class="has-text-align-center" data-align="center"><img loading="lazy" decoding="async" width="400" height="680" class="wp-image-2972" style="width: 400px;" src="https://haulet.be/gen/wp-content/uploads/2021/08/CV-Depireux-verso.jpg" alt="" srcset="https://haulet.be/gen/wp-content/uploads/2021/08/CV-Depireux-verso.jpg 695w, https://haulet.be/gen/wp-content/uploads/2021/08/CV-Depireux-verso-177x300.jpg 177w" sizes="auto, (max-width: 400px) 100vw, 400px" /></td></tr></tbody></table></figure>



<hr class="wp-block-separator is-style-wide"/>



<figure class="wp-block-table"><table class="has-fixed-layout"><tbody><tr><td class="has-text-align-center" data-align="center"><a href="https://haulet.be/gen/cdv-delvaux/"><img loading="lazy" decoding="async" width="50" height="50" class="wp-image-3173" style="width: 50px;" src="https://haulet.be/gen/wp-content/uploads/2021/08/CVA-fleche-gauche-50.jpg" alt=""></a><br>DELVAUX &lt;-</td><td></td><td class="has-text-align-center" data-align="center"><a href="https://haulet.be/gen/cdv-les-photographies-carte-de-visite-liegeoises/"><img loading="lazy" decoding="async" width="50" height="50" class="wp-image-3174" style="width: 50px;" src="https://haulet.be/gen/wp-content/uploads/2021/08/CVA-maison-50.jpg" alt=""></a><br>SOMMAIRE</td><td></td><td class="has-text-align-center" data-align="center"><a href="https://haulet.be/gen/cdv-dupont/"><img loading="lazy" decoding="async" width="50" height="50" class="wp-image-3172" style="width: 50px;" src="https://haulet.be/gen/wp-content/uploads/2021/08/CVA-fleche-droite-2-50.jpg" alt=""></a><br>-&gt; DUPONT</td></tr></tbody></table></figure>



<hr class="wp-block-separator is-style-wide"/>



<h2 class="wp-block-heading">En savoir plus&#8230;</h2>



<p><strong>Thomas Depireux</strong> (1844-1889), origine de Beyne-Heusay, s&rsquo;installe en 1863 rue de la Cathédrale, 75 puis au 81.<br>En 1878, il reprend le studio <strong>Photographie Française</strong> situé 15 place Verte (place Maréchal Foch).<br>En 1885, Otto <strong>Taudien</strong> reprend l&rsquo;atelier sous l&rsquo;enseigne <strong>Photographie Populaire</strong><br><a href="https://fomu.atomis.be/index.php/depireux-thomas;isaar" target="_blank" rel="noreferrer noopener">https://fomu.atomis.be/index.php/depireux-thomas;isaar</a></p>



<hr class="wp-block-separator is-style-wide"/>



<h2 class="wp-block-heading">Sur la toile&#8230;</h2>



<p><a href="https://www.bartko-reher-cpa.fr/ak/index.php?search=standard&amp;searchword=depireux&amp;id=48388" target="_blank" rel="noreferrer noopener">https://www.bartko-reher-cpa.fr/ak/index.php?search=standard&amp;searchword=depireux&amp;id=48388</a></p>



<hr class="wp-block-separator is-style-wide"/>

<p>Thomas DEPIREUX &#8211; 81, rue de la Cathédrale &#8211; Liège DELVAUX &lt;- SOMMAIRE -&gt; DUPONT En savoir plus&#8230; Thomas Depireux (1844-1889), origine de Beyne-Heusay, s&rsquo;installe en 1863 rue de la Cathédrale, 75 puis au 81.En 1878, il reprend le studio Photographie Française situé 15 place Verte (place Maréchal Foch).En 1885, Otto Taudien reprend l&rsquo;atelier sous [&hellip;]</p>
