{"id":3265,"date":"2021-08-16T13:12:11","date_gmt":"2021-08-16T11:12:11","guid":{"rendered":"https:\/\/haulet.be\/gen\/?page_id=3265"},"modified":"2021-08-22T12:27:25","modified_gmt":"2021-08-22T10:27:25","slug":"cdv-schuttringer","status":"publish","type":"page","link":"https:\/\/haulet.be\/gen\/cdv-schuttringer\/","title":{"rendered":"CDV &#8211; Sch\u00fcttringer"},"content":{"rendered":"\n<h2 class=\"wp-block-heading\">Richard SCH\u00dcTTRINGER &#8211; 77, rue de la Cath\u00e9drale &#8211; Li\u00e8ge<\/h2>\n\n\n\n<hr class=\"wp-block-separator is-style-wide\"\/>\n\n\n\n<figure class=\"wp-block-table aligncenter\"><table class=\"has-subtle-pale-blue-background-color has-fixed-layout has-background\"><tbody><tr><td class=\"has-text-align-center\" data-align=\"center\"><img loading=\"lazy\" decoding=\"async\" width=\"400\" height=\"641\" class=\"wp-image-3021\" style=\"width: 400px;\" src=\"https:\/\/haulet.be\/gen\/wp-content\/uploads\/2021\/08\/CV-Schu\u0308ttringer-recto.jpg\" alt=\"\" srcset=\"https:\/\/haulet.be\/gen\/wp-content\/uploads\/2021\/08\/CV-Schu\u0308ttringer-recto.jpg 737w, https:\/\/haulet.be\/gen\/wp-content\/uploads\/2021\/08\/CV-Schu\u0308ttringer-recto-187x300.jpg 187w\" sizes=\"auto, (max-width: 400px) 100vw, 400px\" \/><\/td><td class=\"has-text-align-center\" data-align=\"center\"><img loading=\"lazy\" decoding=\"async\" width=\"400\" height=\"641\" class=\"wp-image-3022\" style=\"width: 400px;\" src=\"https:\/\/haulet.be\/gen\/wp-content\/uploads\/2021\/08\/CV-Schu\u0308ttringer-verso.jpg\" alt=\"\" srcset=\"https:\/\/haulet.be\/gen\/wp-content\/uploads\/2021\/08\/CV-Schu\u0308ttringer-verso.jpg 737w, https:\/\/haulet.be\/gen\/wp-content\/uploads\/2021\/08\/CV-Schu\u0308ttringer-verso-187x300.jpg 187w\" sizes=\"auto, (max-width: 400px) 100vw, 400px\" \/><\/td><\/tr><\/tbody><\/table><\/figure>\n\n\n\n<hr class=\"wp-block-separator is-style-wide\"\/>\n\n\n\n<figure class=\"wp-block-table\"><table class=\"has-fixed-layout\"><tbody><tr><td class=\"has-text-align-center\" data-align=\"center\"><a href=\"https:\/\/haulet.be\/gen\/cdv-samson\/\"><img loading=\"lazy\" decoding=\"async\" width=\"50\" height=\"50\" class=\"wp-image-3173\" style=\"width: 50px;\" src=\"https:\/\/haulet.be\/gen\/wp-content\/uploads\/2021\/08\/CVA-fleche-gauche-50.jpg\" alt=\"\"><\/a><br>SAMSON &lt;-<\/td><td><\/td><td class=\"has-text-align-center\" data-align=\"center\"><a href=\"https:\/\/haulet.be\/gen\/cdv-les-photographies-carte-de-visite-liegeoises\/\"><img loading=\"lazy\" decoding=\"async\" width=\"50\" height=\"50\" class=\"wp-image-3174\" style=\"width: 50px;\" src=\"https:\/\/haulet.be\/gen\/wp-content\/uploads\/2021\/08\/CVA-maison-50.jpg\" alt=\"\"><\/a><br>SOMMAIRE<\/td><td><\/td><td class=\"has-text-align-center\" data-align=\"center\"><a href=\"https:\/\/haulet.be\/gen\/cdv-servais\/\"><img loading=\"lazy\" decoding=\"async\" width=\"50\" height=\"50\" class=\"wp-image-3172\" style=\"width: 50px;\" src=\"https:\/\/haulet.be\/gen\/wp-content\/uploads\/2021\/08\/CVA-fleche-droite-2-50.jpg\" alt=\"\"><\/a><br>-&gt; SERVAIS<\/td><\/tr><\/tbody><\/table><\/figure>\n\n\n\n<hr class=\"wp-block-separator is-style-wide\"\/>\n\n\n\n<h2 class=\"wp-block-heading\">En savoir plus&#8230;<\/h2>\n\n\n\n<p><strong>Richard Sch\u00fcttringer<\/strong> (1865-1926), apr\u00e8s avoir d\u00e9but\u00e9 en 1891 au 13 rue Vin\u00e2ve d&rsquo;\u00eele, prit la succession de <strong>J. Kirsch<\/strong> en 1893 au 77 rue de la Cath\u00e9drale.<br>En 1896, on le retrouve 16 rue Jardin Botanique puis, en 1901, au 70 avenue de l&rsquo;Observatoire et, finalement, Rue de Fragn\u00e9e (1913 \u00e0 1925).<br><a rel=\"noreferrer noopener\" href=\"https:\/\/fomu.atomis.be\/index.php\/schuttringer-richard;isaar\" target=\"_blank\">https:\/\/fomu.atomis.be\/index.php\/schuttringer-richard;isaar<\/a><\/p>\n\n\n\n<hr class=\"wp-block-separator is-style-wide\"\/>\n\n\n\n<h2 class=\"wp-block-heading\">Sur la toile&#8230;<\/h2>\n\n\n\n<p><a href=\"https:\/\/www.delcampe.net\/en_US\/collectibles\/search?search_mode=all&amp;excluded_terms=&amp;term=Sch%C3%BCttringer&amp;payment_methods%5B%5D=delcampe_pay&amp;payment_methods%5B%5D=paypal&amp;payment_methods%5B%5D=check&amp;payment_methods%5B%5D=bank_transfer&amp;payment_methods%5B%5D=cash&amp;payment_methods%5B%5D=creditcard&amp;display_ongoing=ongoing&amp;display_state=ongoing&amp;started_days=&amp;started_hours=&amp;ended_hours=&amp;display_only=&amp;min_price=&amp;max_price=&amp;currency=all&amp;seller_localisation_continent=&amp;seller_localisation_country=&amp;seller_localisation_choice=world&amp;view=gallery&amp;order=\">https:\/\/www.delcampe.net\/en_US\/collectibles\/search?search_mode=all&amp;excluded_terms=&amp;term=Sch%C3%BCttringer&amp;payment_methods%5B%5D=delcampe_pay&amp;payment_methods%5B%5D=paypal&amp;payment_methods%5B%5D=check&amp;payment_methods%5B%5D=bank_transfer&amp;payment_methods%5B%5D=cash&amp;payment_methods%5B%5D=creditcard&amp;display_ongoing=ongoing&amp;display_state=ongoing&amp;started_days=&amp;started_hours=&amp;ended_hours=&amp;display_only=&amp;min_price=&amp;max_price=&amp;currency=all&amp;seller_localisation_continent=&amp;seller_localisation_country=&amp;seller_localisation_choice=world&amp;view=gallery&amp;order=<\/a><\/p>\n","protected":false},"excerpt":{"rendered":"<p>Richard SCH\u00dcTTRINGER &#8211; 77, rue de la Cath\u00e9drale &#8211; Li\u00e8ge SAMSON &lt;- SOMMAIRE -&gt; SERVAIS En savoir plus&#8230; Richard Sch\u00fcttringer (1865-1926), apr\u00e8s avoir d\u00e9but\u00e9 en 1891 au 13 rue Vin\u00e2ve d&rsquo;\u00eele, prit la succession de J. Kirsch en 1893 au 77 rue de la Cath\u00e9drale.En 1896, on le retrouve 16 rue Jardin Botanique puis, en [&hellip;]<\/p>\n","protected":false},"author":1,"featured_media":0,"parent":0,"menu_order":0,"comment_status":"closed","ping_status":"closed","template":"template-full-width.php","meta":{"_coblocks_attr":"","_coblocks_dimensions":"","_coblocks_responsive_height":"","_coblocks_accordion_ie_support":"","footnotes":""},"class_list":["post-3265","page","type-page","status-publish","hentry"],"_links":{"self":[{"href":"https:\/\/haulet.be\/gen\/wp-json\/wp\/v2\/pages\/3265","targetHints":{"allow":["GET"]}}],"collection":[{"href":"https:\/\/haulet.be\/gen\/wp-json\/wp\/v2\/pages"}],"about":[{"href":"https:\/\/haulet.be\/gen\/wp-json\/wp\/v2\/types\/page"}],"author":[{"embeddable":true,"href":"https:\/\/haulet.be\/gen\/wp-json\/wp\/v2\/users\/1"}],"replies":[{"embeddable":true,"href":"https:\/\/haulet.be\/gen\/wp-json\/wp\/v2\/comments?post=3265"}],"version-history":[{"count":0,"href":"https:\/\/haulet.be\/gen\/wp-json\/wp\/v2\/pages\/3265\/revisions"}],"wp:attachment":[{"href":"https:\/\/haulet.be\/gen\/wp-json\/wp\/v2\/media?parent=3265"}],"curies":[{"name":"wp","href":"https:\/\/api.w.org\/{rel}","templated":true}]}}