{"id":3273,"date":"2021-08-16T13:21:11","date_gmt":"2021-08-16T11:21:11","guid":{"rendered":"https:\/\/haulet.be\/gen\/?page_id=3273"},"modified":"2021-08-22T12:26:42","modified_gmt":"2021-08-22T10:26:42","slug":"cdv-straus","status":"publish","type":"page","link":"https:\/\/haulet.be\/gen\/cdv-straus\/","title":{"rendered":"CDV &#8211; Straus"},"content":{"rendered":"\n<h2 class=\"wp-block-heading\">Maison STRAUS &#8211; 4, rue du Pont d&rsquo;\u00eele &#8211; Li\u00e8ge<\/h2>\n\n\n\n<hr class=\"wp-block-separator is-style-wide\"\/>\n\n\n\n<figure class=\"wp-block-table aligncenter\"><table class=\"has-subtle-pale-blue-background-color has-fixed-layout has-background\"><tbody><tr><td class=\"has-text-align-center\" data-align=\"center\"><img loading=\"lazy\" decoding=\"async\" width=\"400\" height=\"638\" class=\"wp-image-3051\" style=\"width: 400px;\" src=\"https:\/\/haulet.be\/gen\/wp-content\/uploads\/2021\/08\/CV-Straus-recto.jpg\" alt=\"\" srcset=\"https:\/\/haulet.be\/gen\/wp-content\/uploads\/2021\/08\/CV-Straus-recto.jpg 740w, https:\/\/haulet.be\/gen\/wp-content\/uploads\/2021\/08\/CV-Straus-recto-188x300.jpg 188w\" sizes=\"auto, (max-width: 400px) 100vw, 400px\" \/><\/td><td class=\"has-text-align-center\" data-align=\"center\"><img loading=\"lazy\" decoding=\"async\" width=\"400\" height=\"643\" class=\"wp-image-3052\" style=\"width: 400px;\" src=\"https:\/\/haulet.be\/gen\/wp-content\/uploads\/2021\/08\/CV-Straus-verso.jpg\" alt=\"\" srcset=\"https:\/\/haulet.be\/gen\/wp-content\/uploads\/2021\/08\/CV-Straus-verso.jpg 735w, https:\/\/haulet.be\/gen\/wp-content\/uploads\/2021\/08\/CV-Straus-verso-187x300.jpg 187w\" sizes=\"auto, (max-width: 400px) 100vw, 400px\" \/><\/td><\/tr><\/tbody><\/table><\/figure>\n\n\n\n<hr class=\"wp-block-separator is-style-wide\"\/>\n\n\n\n<figure class=\"wp-block-table\"><table class=\"has-fixed-layout\"><tbody><tr><td class=\"has-text-align-center\" data-align=\"center\"><a href=\"https:\/\/haulet.be\/gen\/cdv-servais-freres\/\"><img loading=\"lazy\" decoding=\"async\" width=\"50\" height=\"50\" class=\"wp-image-3173\" style=\"width: 50px;\" src=\"https:\/\/haulet.be\/gen\/wp-content\/uploads\/2021\/08\/CVA-fleche-gauche-50.jpg\" alt=\"\"><\/a><br>SERVAIS fr\u00e8res &lt;-<\/td><td><\/td><td class=\"has-text-align-center\" data-align=\"center\"><a href=\"https:\/\/haulet.be\/gen\/cdv-les-photographies-carte-de-visite-liegeoises\/\"><img loading=\"lazy\" decoding=\"async\" width=\"50\" height=\"50\" class=\"wp-image-3174\" style=\"width: 50px;\" src=\"https:\/\/haulet.be\/gen\/wp-content\/uploads\/2021\/08\/CVA-maison-50.jpg\" alt=\"\"><\/a><br>SOMMAIRE<\/td><td><\/td><td class=\"has-text-align-center\" data-align=\"center\"><a href=\"https:\/\/haulet.be\/gen\/cdv-terhell\/\"><img loading=\"lazy\" decoding=\"async\" width=\"50\" height=\"50\" class=\"wp-image-3172\" style=\"width: 50px;\" src=\"https:\/\/haulet.be\/gen\/wp-content\/uploads\/2021\/08\/CVA-fleche-droite-2-50.jpg\" alt=\"\"><\/a><br>-&gt; TERHELL<\/td><\/tr><\/tbody><\/table><\/figure>\n\n\n\n<hr class=\"wp-block-separator is-style-wide\"\/>\n\n\n\n<h2 class=\"wp-block-heading\">En savoir plus&#8230;<\/h2>\n\n\n\n<p><strong>Gustave Straus<\/strong> (1838-1911) est \u00e0 l&rsquo;origine un opticien qui vendait \u00e9galement du mat\u00e9riel photographique. <br>Il ouvre en 1870 un studio de portrait dont il confie successivement l&rsquo;exploitation \u00e0 <strong>Victor Barras<\/strong>, <strong>Joseph Van Malderen (fils)<\/strong> puis \u00e0 <strong>Louis Corbassi\u00e8re<\/strong> (1877). Il cesse ses activit\u00e9s de studio en 1901.<br>Il \u00e9tait le deuxi\u00e8me fils de <strong>Joseph Straus<\/strong> (1790-1875) install\u00e9 rue de l&rsquo;Universit\u00e9, 14 de 1842 \u00e0 1864 auquel succ\u00e9da l&rsquo;ain\u00e9, <strong>Andr\u00e9 Straus<\/strong> (1868-1946) qui s&rsquo;installa par la suite 26 rue Cath\u00e9drale (1901). <br>La maison d&rsquo;optique \u00ab\u00a0Straus\u00a0\u00bb subsista jusque dans les ann\u00e9es 60.<br><a rel=\"noreferrer noopener\" href=\"https:\/\/fomu.atomis.be\/index.php\/straus-gustave-studio;isaar\" target=\"_blank\">https:\/\/fomu.atomis.be\/index.php\/straus-gustave-studio;isaar<\/a><\/p>\n\n\n\n<hr class=\"wp-block-separator is-style-wide\"\/>\n\n\n\n<h2 class=\"wp-block-heading\">Sur la toile&#8230;<\/h2>\n\n\n\n<p><a href=\"https:\/\/www.bartko-reher-cpa.fr\/ak\/index.php?search=standard&amp;searchword=straus&amp;id=48388\" target=\"_blank\" rel=\"noreferrer noopener\">https:\/\/www.bartko-reher-cpa.fr\/ak\/index.php?search=standard&amp;searchword=straus&amp;id=48388<\/a><\/p>\n\n\n\n<hr class=\"wp-block-separator is-style-wide\"\/>\n","protected":false},"excerpt":{"rendered":"<p>Maison STRAUS &#8211; 4, rue du Pont d&rsquo;\u00eele &#8211; Li\u00e8ge SERVAIS fr\u00e8res &lt;- SOMMAIRE -&gt; TERHELL En savoir plus&#8230; Gustave Straus (1838-1911) est \u00e0 l&rsquo;origine un opticien qui vendait \u00e9galement du mat\u00e9riel photographique. Il ouvre en 1870 un studio de portrait dont il confie successivement l&rsquo;exploitation \u00e0 Victor Barras, Joseph Van Malderen (fils) puis \u00e0 [&hellip;]<\/p>\n","protected":false},"author":1,"featured_media":0,"parent":0,"menu_order":0,"comment_status":"closed","ping_status":"closed","template":"template-full-width.php","meta":{"_coblocks_attr":"","_coblocks_dimensions":"","_coblocks_responsive_height":"","_coblocks_accordion_ie_support":"","footnotes":""},"class_list":["post-3273","page","type-page","status-publish","hentry"],"_links":{"self":[{"href":"https:\/\/haulet.be\/gen\/wp-json\/wp\/v2\/pages\/3273","targetHints":{"allow":["GET"]}}],"collection":[{"href":"https:\/\/haulet.be\/gen\/wp-json\/wp\/v2\/pages"}],"about":[{"href":"https:\/\/haulet.be\/gen\/wp-json\/wp\/v2\/types\/page"}],"author":[{"embeddable":true,"href":"https:\/\/haulet.be\/gen\/wp-json\/wp\/v2\/users\/1"}],"replies":[{"embeddable":true,"href":"https:\/\/haulet.be\/gen\/wp-json\/wp\/v2\/comments?post=3273"}],"version-history":[{"count":0,"href":"https:\/\/haulet.be\/gen\/wp-json\/wp\/v2\/pages\/3273\/revisions"}],"wp:attachment":[{"href":"https:\/\/haulet.be\/gen\/wp-json\/wp\/v2\/media?parent=3273"}],"curies":[{"name":"wp","href":"https:\/\/api.w.org\/{rel}","templated":true}]}}

<h2 class="wp-block-heading">Maison STRAUS &#8211; 4, rue du Pont d&rsquo;île &#8211; Liège</h2>



<hr class="wp-block-separator is-style-wide"/>



<figure class="wp-block-table aligncenter"><table class="has-subtle-pale-blue-background-color has-fixed-layout has-background"><tbody><tr><td class="has-text-align-center" data-align="center"><img loading="lazy" decoding="async" width="400" height="638" class="wp-image-3051" style="width: 400px;" src="https://haulet.be/gen/wp-content/uploads/2021/08/CV-Straus-recto.jpg" alt="" srcset="https://haulet.be/gen/wp-content/uploads/2021/08/CV-Straus-recto.jpg 740w, https://haulet.be/gen/wp-content/uploads/2021/08/CV-Straus-recto-188x300.jpg 188w" sizes="auto, (max-width: 400px) 100vw, 400px" /></td><td class="has-text-align-center" data-align="center"><img loading="lazy" decoding="async" width="400" height="643" class="wp-image-3052" style="width: 400px;" src="https://haulet.be/gen/wp-content/uploads/2021/08/CV-Straus-verso.jpg" alt="" srcset="https://haulet.be/gen/wp-content/uploads/2021/08/CV-Straus-verso.jpg 735w, https://haulet.be/gen/wp-content/uploads/2021/08/CV-Straus-verso-187x300.jpg 187w" sizes="auto, (max-width: 400px) 100vw, 400px" /></td></tr></tbody></table></figure>



<hr class="wp-block-separator is-style-wide"/>



<figure class="wp-block-table"><table class="has-fixed-layout"><tbody><tr><td class="has-text-align-center" data-align="center"><a href="https://haulet.be/gen/cdv-servais-freres/"><img loading="lazy" decoding="async" width="50" height="50" class="wp-image-3173" style="width: 50px;" src="https://haulet.be/gen/wp-content/uploads/2021/08/CVA-fleche-gauche-50.jpg" alt=""></a><br>SERVAIS frères &lt;-</td><td></td><td class="has-text-align-center" data-align="center"><a href="https://haulet.be/gen/cdv-les-photographies-carte-de-visite-liegeoises/"><img loading="lazy" decoding="async" width="50" height="50" class="wp-image-3174" style="width: 50px;" src="https://haulet.be/gen/wp-content/uploads/2021/08/CVA-maison-50.jpg" alt=""></a><br>SOMMAIRE</td><td></td><td class="has-text-align-center" data-align="center"><a href="https://haulet.be/gen/cdv-terhell/"><img loading="lazy" decoding="async" width="50" height="50" class="wp-image-3172" style="width: 50px;" src="https://haulet.be/gen/wp-content/uploads/2021/08/CVA-fleche-droite-2-50.jpg" alt=""></a><br>-&gt; TERHELL</td></tr></tbody></table></figure>



<hr class="wp-block-separator is-style-wide"/>



<h2 class="wp-block-heading">En savoir plus&#8230;</h2>



<p><strong>Gustave Straus</strong> (1838-1911) est à l&rsquo;origine un opticien qui vendait également du matériel photographique. <br>Il ouvre en 1870 un studio de portrait dont il confie successivement l&rsquo;exploitation à <strong>Victor Barras</strong>, <strong>Joseph Van Malderen (fils)</strong> puis à <strong>Louis Corbassière</strong> (1877). Il cesse ses activités de studio en 1901.<br>Il était le deuxième fils de <strong>Joseph Straus</strong> (1790-1875) installé rue de l&rsquo;Université, 14 de 1842 à 1864 auquel succéda l&rsquo;ainé, <strong>André Straus</strong> (1868-1946) qui s&rsquo;installa par la suite 26 rue Cathédrale (1901). <br>La maison d&rsquo;optique « Straus » subsista jusque dans les années 60.<br><a rel="noreferrer noopener" href="https://fomu.atomis.be/index.php/straus-gustave-studio;isaar" target="_blank">https://fomu.atomis.be/index.php/straus-gustave-studio;isaar</a></p>



<hr class="wp-block-separator is-style-wide"/>



<h2 class="wp-block-heading">Sur la toile&#8230;</h2>



<p><a href="https://www.bartko-reher-cpa.fr/ak/index.php?search=standard&amp;searchword=straus&amp;id=48388" target="_blank" rel="noreferrer noopener">https://www.bartko-reher-cpa.fr/ak/index.php?search=standard&amp;searchword=straus&amp;id=48388</a></p>



<hr class="wp-block-separator is-style-wide"/>

<p>Maison STRAUS &#8211; 4, rue du Pont d&rsquo;île &#8211; Liège SERVAIS frères &lt;- SOMMAIRE -&gt; TERHELL En savoir plus&#8230; Gustave Straus (1838-1911) est à l&rsquo;origine un opticien qui vendait également du matériel photographique. Il ouvre en 1870 un studio de portrait dont il confie successivement l&rsquo;exploitation à Victor Barras, Joseph Van Malderen (fils) puis à [&hellip;]</p>
